 is the remainder when 96 is divided by 21?
12
What is the remainder when 414 is divided by 32?
30
What is the remainder when 225 is divided by 34?
21
Calculate the remainder when 2272 is divided by 320.
32
Calculate the remainder when 645 is divided by 166.
147
Calculate the remainder when 152 is divided by 40.
32
What is the remainder when 45 is divided by 36?
9
What is the remainder when 75 is divided by 64?
11
What is the remainder when 68 is divided by 6?
2
Calculate the remainder when 152 is divided by 7.
5
What is the remainder when 129 is divided by 26?
25
Calculate the remainder when 391 is divided by 11.
6
What is the remainder when 482 is divided by 98?
90
Calculate the remainder when 126 is divided by 34.
24
What is the remainder when 55 is divided by 15?
10
Calculate the remainder when 221 is divided by 33.
23
What is the remainder when 82 is divided by 30?
22
What is the remainder when 393 is divided by 35?
8
Calculate the remainder when 219 is divided by 14.
9
What is the remainder when 402 is divided by 67?
0
Calculate the remainder when 9263 is divided by 10.
3
Calculate the remainder when 132 is divided by 35.
27
Calculate the remainder when 323 is divided by 38.
19
Calculate the remainder when 173 is divided by 11.
8
What is the remainder when 2861 is divided by 47?
41
Calculate the remainder when 38 is divided by 10.
8
What is the remainder when 96 is divided by 20?
16
What is the remainder when 83 is divided by 24?
11
What is the remainder when 898 is divided by 226?
220
What is the remainder when 2221 is divided by 159?
154
What is the remainder when 966 is divided by 27?
21
What is the remainder when 3849 is divided by 14?
13
Calculate the remainder when 13679 is divided by 10.
9
Calculate the remainder when 6564 is divided by 8.
4
What is the remainder when 4763 is divided by 19?
13
Calculate the remainder when 530 is divided by 193.
144
Calculate the remainder when 670 is divided by 84.
82
What is the remainder when 306 is divided by 50?
6
Calculate the remainder when 49 is divided by 9.
4
Calculate the remainder when 380 is divided by 24.
20
What is the remainder when 1910 is divided by 38?
10
Calculate the remainder when 19893 is divided by 58.
57
Calculate the remainder when 230 is divided by 31.
13
What is the remainder when 2494 is divided by 192?
190
Calculate the remainder when 114 is divided by 29.
27
Calculate the remainder when 90 is divided by 26.
12
What is the remainder when 911 is divided by 6?
5
What is the remainder when 4059 is divided by 46?
11
Calculate the remainder when 237 is divided by 80.
77
Calculate the remainder when 3430 is divided by 27.
1
What is the remainder when 1159 is divided by 324?
187
What is the remainder when 217 is divided by 66?
19
Calculate the remainder when 18828 is divided by 19.
18
What is the remainder when 121 is divided by 61?
60
What is the remainder when 73 is divided by 65?
8
Calculate the remainder when 65 is divided by 30.
5
What is the remainder when 35 is divided by 15?
5
What is the remainder when 251 is divided by 21?
20
What is the remainder when 2086 is divided by 8?
6
Calculate the remainder when 115 is divided by 9.
7
What is the remainder when 55 is divided by 20?
15
Calculate the remainder when 289 is divided by 127.
35
Calculate the remainder when 652 is divided by 44.
36
Calculate the remainder when 346 is divided by 29.
27
Calculate the remainder when 690 is divided by 103.
72
What is the remainder when 34 is divided by 13?
8
What is the remainder when 1688 is divided by 837?
14
What is the remainder when 78 is divided by 51?
27
Calculate the remainder when 4750 is divided by 15.
10
What is the remainder when 4974 is divided by 312?
294
Calculate the remainder when 673 is divided by 15.
13
What is the remainder when 1896 is divided by 175?
146
Calculate the remainder when 32 is divided by 27.
5
What is the remainder when 5646 is divided by 16?
14
Calculate the remainder when 412 is divided by 15.
7
Calculate the remainder when 1588 is divided by 88.
4
Calculate the remainder when 187 is divided by 49.
40
What is the remainder when 67 is divided by 15?
7
What is the remainder when 332 is divided by 107?
11
What is the remainder when 1522 is divided by 14?
10
What is the remainder when 416 is divided by 14?
10
What is the remainder when 428 is divided by 87?
80
Calculate the remainder when 58 is divided by 24.
10
What is the remainder when 1327 is divided by 37?
32
Calculate the remainder when 199 is divided by 67.
65
Calculate the remainder when 70 is divided by 66.
4
Calculate the remainder when 1675 is divided by 37.
10
What is the remainder when 678 is divided by 329?
20
Calculate the remainder when 21542 is divided by 133.
129
What is the remainder when 135 is divided by 42?
9
What is the remainder when 150 is divided by 123?
27
Calculate the remainder when 20 is divided by 7.
6
Calculate the remainder when 38 is divided by 6.
2
What is the remainder when 715 is divided by 179?
178
Calculate the remainder when 671 is divided by 77.
55
What is the remainder when 30 is divided by 4?
2
Calculate the remainder when 2658 is divided by 291.
39
Calculate the remainder when 1145 is divided by 105.
95
What is the remainder when 1159 is divided by 145?
144
What is the remainder when 264 is divided by 98?
68
What is the remainder when 379 is divided by 95?
94
Calculate the remainder when 71 is divided by 42.
29
Calculate the remainder when 2103 is divided by 151.
140
Calculate the remainder when 228 is divided by 34.
24
What is the remainder when 8363 is divided by 18?
11
What is the remainder when 1271 is divided by 29?
24
Calculate the remainder when 216 is divided by 55.
51
Calculate the remainder when 2967 is divided by 114.
3
What is the remainder when 780 is divided by 761?
19
What is the remainder when 215 is divided by 73?
69
What is the remainder when 2104 is divided by 785?
534
What is the remainder when 605 is divided by 68?
61
Calculate the remainder when 677 is divided by 223.
8
What is the remainder when 1675 is divided by 552?
19
Calculate the remainder when 202 is divided by 102.
100
Calculate the remainder when 115 is divided by 34.
13
Calculate the remainder when 77 is divided by 52.
25
Calculate the remainder when 71 is divided by 5.
1
What is the remainder when 2902 is divided by 43?
21
What is the remainder when 1369 is divided by 57?
1
What is the remainder when 4101 is divided by 57?
54
What is the remainder when 1394 is divided by 278?
4
What is the remainder when 441 is divided by 13?
12
What is the remainder when 2194 is divided by 314?
310
Calculate the remainder when 708 is divided by 71.
69
What is the remainder when 207 is divided by 75?
57
What is the remainder when 6010 is divided by 430?
420
What is the remainder when 328 is divided by 37?
32
Calculate the remainder when 2753 is divided by 549.
8
Calculate the remainder when 729 is divided by 119.
15
Calculate the remainder when 3452 is divided by 22.
20
What is the remainder when 285 is divided by 257?
28
Calculate the remainder when 63 is divided by 18.
9
Calculate the remainder when 760 is divided by 40.
0
Calculate the remainder when 4997 is divided by 47.
15
What is the remainder when 316 is divided by 62?
6
What is the remainder when 3718 is divided by 20?
18
What is the remainder when 239 is divided by 23?
9
Calculate the remainder when 70 is divided by 17.
2
Calculate the remainder when 1273 is divided by 22.
19
What is the remainder when 114 is divided by 35?
9
Calculate the remainder when 188 is divided by 19.
17
Calculate the remainder when 399 is divided by 47.
23
Calculate the remainder when 475 is divided by 29.
11
Calculate the remainder when 84 is divided by 18.
12
What is the remainder when 165 is divided by 90?
75
What is the remainder when 23696 is divided by 30?
26
Calculate the remainder when 2086 is divided by 38.
34
What is the remainder when 2429 is divided by 8?
5
Calculate the remainder when 574 is divided by 72.
70
What is the remainder when 1950 is divided by 32?
30
What is the remainder when 172 is divided by 22?
18
Calculate the remainder when 395 is divided by 81.
71
What is the remainder when 112 is divided by 44?
24
What is the remainder wh